{"id":10546,"date":"2024-04-06T14:09:14","date_gmt":"2024-04-06T12:09:14","guid":{"rendered":"https:\/\/seobest.de\/demo11222\/?page_id=10546"},"modified":"2025-11-19T11:20:38","modified_gmt":"2025-11-19T10:20:38","slug":"hydraulikzylinder","status":"publish","type":"page","link":"https:\/\/seobest.de\/demo260300\/hydraulikzylinder\/","title":{"rendered":"Hydraulikzylinder"},"content":{"rendered":"\n<div style=\"height:40px\" aria-hidden=\"true\" class=\"wp-block-spacer\"><\/div>\n\n\n\n<h2 class=\"wp-block-heading animated fadeInLeft has-text-color has-link-color wp-elements-94d3406176155a31d180e23aa35480ce\" style=\"color:#1f59ad;font-size:33px\"><strong>Hydraulikzylinder von Steinhoff | Ober\u00f6sterreich<\/strong><\/h2>\n\n\n\n<div style=\"height:50px\" aria-hidden=\"true\" class=\"wp-block-spacer\"><\/div>\n\n\n\n<div class=\"wp-block-columns animated fadeInLeft is-layout-flex wp-container-core-columns-is-layout-9d6595d7 wp-block-columns-is-layout-flex\">\n<div class=\"wp-block-column is-layout-flow wp-block-column-is-layout-flow\">\n<h2 class=\"wp-block-heading has-text-color has-link-color wp-elements-79816715a855b9fac6974882054b90ba\" style=\"color:#1f59ad;font-size:28px\"><strong><o-anim-typing>Normzylinder<\/o-anim-typing><\/strong><\/h2>\n\n\n\n<hr class=\"wp-block-separator has-text-color has-alpha-channel-opacity has-background is-style-wide\" style=\"background-color:#1f59ad;color:#1f59ad\"\/>\n\n\n\n<div class=\"wp-block-columns is-layout-flex wp-container-core-columns-is-layout-9d6595d7 wp-block-columns-is-layout-flex\">\n<div class=\"wp-block-column is-layout-flow wp-block-column-is-layout-flow\">\n<p><strong>nach TGL 10906<\/strong><\/p>\n\n\n\n<ul class=\"wp-block-list\">\n<li>Nenndruck: 160 bar<\/li>\n\n\n\n<li>Kolbendurchmesser: 30-200 mm<\/li>\n\n\n\n<li>unged\u00e4mpft<\/li>\n<\/ul>\n<\/div>\n\n\n\n<div class=\"wp-block-column is-layout-flow wp-block-column-is-layout-flow\">\n<p><strong>Serie THZ 20<\/strong><\/p>\n\n\n\n<ul class=\"wp-block-list\">\n<li>Nenndruck: 210 bar<\/li>\n\n\n\n<li>Kolbendurchmesser: 32-125 mm<\/li>\n\n\n\n<li>ged\u00e4mpft oder unged\u00e4mpft<\/li>\n<\/ul>\n<\/div>\n<\/div>\n\n\n\n<p><strong>Serie THZ 250<\/strong><\/p>\n\n\n\n<p>Einbauma\u00dfe nach DIN 24 434, ISO 3320 und ISO 6022<\/p>\n\n\n\n<div class=\"wp-block-columns is-layout-flex wp-container-core-columns-is-layout-9d6595d7 wp-block-columns-is-layout-flex\">\n<div class=\"wp-block-column is-layout-flow wp-block-column-is-layout-flow\">\n<ul class=\"wp-block-list\">\n<li>Nenndruck: 250 bar<\/li>\n<\/ul>\n<\/div>\n\n\n\n<div class=\"wp-block-column is-layout-flow wp-block-column-is-layout-flow\">\n<ul class=\"wp-block-list\">\n<li>Kolbendurchmesser: 32-320 mm<\/li>\n<\/ul>\n<\/div>\n\n\n\n<div class=\"wp-block-column is-layout-flow wp-block-column-is-layout-flow\">\n<ul class=\"wp-block-list\">\n<li>ged\u00e4mpft oder unged\u00e4mpft<\/li>\n<\/ul>\n<\/div>\n<\/div>\n<\/div>\n\n\n\n<div class=\"wp-block-column is-vertically-aligned-center is-layout-flow wp-block-column-is-layout-flow\"><div class=\"wp-block-image is-style-default\">\n<figure class=\"aligncenter size-full is-resized\"><img loading=\"lazy\" decoding=\"async\" width=\"800\" height=\"600\" src=\"https:\/\/seobest.de\/demo260300\/wp-content\/uploads\/2025\/03\/1317010_eb.jpg\" alt=\"\" class=\"wp-image-10856\" style=\"width:auto;height:430px\" srcset=\"https:\/\/seobest.de\/demo260300\/wp-content\/uploads\/2025\/03\/1317010_eb.jpg 800w, https:\/\/seobest.de\/demo260300\/wp-content\/uploads\/2025\/03\/1317010_eb-300x225.jpg 300w, https:\/\/seobest.de\/demo260300\/wp-content\/uploads\/2025\/03\/1317010_eb-768x576.jpg 768w\" sizes=\"auto, (max-width: 800px) 100vw, 800px\" \/><\/figure>\n<\/div><\/div>\n<\/div>\n\n\n\n<div style=\"height:65px\" aria-hidden=\"true\" class=\"wp-block-spacer\"><\/div>\n\n\n\n<div class=\"wp-block-columns animated fadeInRight is-layout-flex wp-container-core-columns-is-layout-9d6595d7 wp-block-columns-is-layout-flex\">\n<div class=\"wp-block-column is-layout-flow wp-block-column-is-layout-flow\">\n<figure class=\"wp-block-image size-full is-style-default\"><img loading=\"lazy\" decoding=\"async\" width=\"800\" height=\"600\" src=\"https:\/\/seobest.de\/demo260300\/wp-content\/uploads\/2025\/03\/1317009_eb-1.jpg\" alt=\"\" class=\"wp-image-10868\" srcset=\"https:\/\/seobest.de\/demo260300\/wp-content\/uploads\/2025\/03\/1317009_eb-1.jpg 800w, https:\/\/seobest.de\/demo260300\/wp-content\/uploads\/2025\/03\/1317009_eb-1-300x225.jpg 300w, https:\/\/seobest.de\/demo260300\/wp-content\/uploads\/2025\/03\/1317009_eb-1-768x576.jpg 768w\" sizes=\"auto, (max-width: 800px) 100vw, 800px\" \/><\/figure>\n<\/div>\n\n\n\n<div class=\"wp-block-column is-layout-flow wp-block-column-is-layout-flow\">\n<h2 class=\"wp-block-heading has-text-color has-link-color wp-elements-9764bc52cf67072a3d23b973c0c6d0d0\" style=\"color:#1f59ad;font-size:28px\"><strong><o-anim-typing>Sonderzylinder<\/o-anim-typing><\/strong><\/h2>\n\n\n\n<hr class=\"wp-block-separator has-text-color has-alpha-channel-opacity has-background is-style-wide\" style=\"background-color:#1f59ad;color:#1f59ad\"\/>\n\n\n\n<p>Wir liefern entsprechend Ihren Einbauma\u00dfen und Befestigungsarten:<\/p>\n\n\n\n<div class=\"wp-block-columns is-layout-flex wp-container-core-columns-is-layout-9d6595d7 wp-block-columns-is-layout-flex\">\n<div class=\"wp-block-column is-layout-flow wp-block-column-is-layout-flow\">\n<ul class=\"wp-block-list\">\n<li>Plungerzylinder<\/li>\n\n\n\n<li>Differentialzylinder<\/li>\n\n\n\n<li>Gleichlaufzylinder<\/li>\n\n\n\n<li>Teleskopzylinder<\/li>\n\n\n\n<li>Druck\u00fcbersetzer<\/li>\n\n\n\n<li>Zugankerbauart<\/li>\n\n\n\n<li>Zylinder mit integriertem Wegmesssystem<\/li>\n<\/ul>\n<\/div>\n\n\n\n<div class=\"wp-block-column is-layout-flow wp-block-column-is-layout-flow\">\n<ul class=\"wp-block-list\">\n<li>Pneumatikzylinder<\/li>\n\n\n\n<li>Schwenk- oder Gelenklager<\/li>\n\n\n\n<li>Flanschbefestigung<\/li>\n\n\n\n<li>Schwenkzapfen<\/li>\n\n\n\n<li>Fu\u00dfbefestigung<\/li>\n\n\n\n<li>Sonderbefestigung<br>laut Kundenwunsch<\/li>\n\n\n\n<li>komplett in Edelstahl<\/li>\n<\/ul>\n<\/div>\n<\/div>\n<\/div>\n<\/div>\n\n\n\n<div style=\"height:65px\" aria-hidden=\"true\" class=\"wp-block-spacer\"><\/div>\n\n\n\n<div style=\"height:65px\" aria-hidden=\"true\" class=\"wp-block-spacer\"><\/div>\n\n\n\n<div class=\"wp-block-columns is-layout-flex wp-container-core-columns-is-layout-9d6595d7 wp-block-columns-is-layout-flex\">\n<div class=\"wp-block-column animated fadeInLeft clm_schw has-white-color has-text-color has-background has-link-color wp-elements-8e7534d0fcb8c2602004d6bf0eb89ca6 is-layout-flow wp-block-column-is-layout-flow\" style=\"background-color:#1f59ad\">\n<div style=\"height:25px\" aria-hidden=\"true\" class=\"wp-block-spacer\"><\/div>\n\n\n\n<h3 class=\"wp-block-heading has-text-align-center has-white-color has-text-color has-link-color wp-elements-dfddfb98a89f96d52a3b1ae40d005269\" style=\"font-size:28px\">Zylinderzubeh\u00f6r<\/h3>\n\n\n\n<hr class=\"wp-block-separator has-text-color has-white-color has-alpha-channel-opacity has-white-background-color has-background is-style-wide\"\/>\n\n\n\n<ul class=\"wp-block-list\">\n<li>Gelenklager nach DIN 648 wartungspflichtig\/wartungsfrei\/rostfrei<\/li>\n<\/ul>\n\n\n\n<p><\/p>\n\n\n\n<ul class=\"wp-block-list\">\n<li>Gelenkk\u00f6pfe nach DIN 648 ISO 6126<\/li>\n<\/ul>\n\n\n\n<p><\/p>\n\n\n\n<ul class=\"wp-block-list\">\n<li>Hydraulik-Gelenkk\u00f6pfe nach DIN 24338 ISO 6982<\/li>\n<\/ul>\n\n\n\n<p><\/p>\n\n\n\n<ul class=\"wp-block-list\">\n<li>Hydraulik-Gelenkk\u00f6pfe nach DIN 24555 ISO 8133<\/li>\n<\/ul>\n\n\n\n<p><\/p>\n\n\n\n<ul class=\"wp-block-list\">\n<li>Genormte Befestigungsteile:\n<ul class=\"wp-block-list\">\n<li>Gabel-Lagerb\u00f6cke 180\u00b0 nach ISO 8132<\/li>\n\n\n\n<li>Gabel-Lagerb\u00f6cke 90\u00b0 nach ISO 8132<\/li>\n\n\n\n<li>Bolzen nach ISO 8132 einsatzgeh\u00e4rtet 60 HRC mit Schmiernippel<\/li>\n\n\n\n<li>Gabelk\u00f6pfe nach ISO 8132<\/li>\n\n\n\n<li>Schwenkzapfen-Lagerb\u00f6cke nach ISO 8132<\/li>\n<\/ul>\n<\/li>\n\n\n\n<li>Faltenbalg aus Gummi, Kevlar oder Sondermaterial<\/li>\n<\/ul>\n<\/div>\n\n\n\n<div class=\"wp-block-column animated fadeInRight clm_schw has-white-color has-text-color has-background has-link-color wp-elements-fde5dea724586b8b843a0f74abc56b5f is-layout-flow wp-block-column-is-layout-flow\" style=\"background-color:#1f59ad\">\n<div style=\"height:25px\" aria-hidden=\"true\" class=\"wp-block-spacer\"><\/div>\n\n\n\n<h3 class=\"wp-block-heading has-text-align-center has-white-color has-text-color has-link-color wp-elements-6e393605db6805e05725661d635d1c80\" style=\"font-size:28px\">Dichtungen<\/h3>\n\n\n\n<hr class=\"wp-block-separator has-text-color has-white-color has-alpha-channel-opacity has-white-background-color has-background is-style-wide\"\/>\n\n\n\n<ul class=\"wp-block-list\">\n<li>Komplette Dichts\u00e4tze f\u00fcr Hydraulikzylinder, auch Fremdfabrikate,<br>laut St\u00fcckliste bzw. Muster<\/li>\n\n\n\n<li>Abstreifer: einfach\/doppelwirkend, Eisabstreifer<br>Mat. PU\/NBR\/Viton\/PTFE-Bronze<\/li>\n\n\n\n<li>Stangendichtungen: Nutring, PTFE-Laufring mit O-Ring, Dachmanschette<br>Mat. PU\/NBR\/PTFE\/Viton, NBR-Gewebe<\/li>\n\n\n\n<li>Kolbendichtungen: Kompaktdichtung, Nutring, PTFE-Compound mit O-Ring, Dachmanschettendichtung<br>Mat. PU\/NBR\/PTFE\/Viton, NBR-Gewebe<\/li>\n\n\n\n<li>F\u00fchrungselemente f\u00fcr Stange und Kolben: F\u00fchrungsband, F\u00fchrungsring<br>Mat. PTFE-Compound, Hartgewebe<\/li>\n\n\n\n<li>O-Ringe<br>Mat. NBR 70\/80\/90 Shore, FPM\/EPDM, PTFE<\/li>\n\n\n\n<li>St\u00fctzringe: endlos\/geteilt\/spiral<br>Mat. PU\/NBR\/PTFE<\/li>\n\n\n\n<li>Sonderdichtungen-Anfertigung laut Muster<\/li>\n<\/ul>\n<\/div>\n<\/div>\n\n\n\n<hr class=\"wp-block-separator has-text-color has-alpha-channel-opacity has-background is-style-wide\" style=\"background-color:#154d7a;color:#154d7a\"\/>\n\n\n\n<div style=\"height:100px\" aria-hidden=\"true\" class=\"wp-block-spacer\"><\/div>\n\n\n\n<div class=\"wp-block-cover fwd_class\"><img loading=\"lazy\" decoding=\"async\" width=\"800\" height=\"600\" class=\"wp-block-cover__image-background wp-image-10856 size-full\" alt=\"\" src=\"http:\/\/seobest.de\/demo260300\/wp-content\/uploads\/2025\/03\/1317010_eb.jpg\" style=\"object-position:51% 64%\" data-object-fit=\"cover\" data-object-position=\"51% 64%\" srcset=\"https:\/\/seobest.de\/demo260300\/wp-content\/uploads\/2025\/03\/1317010_eb.jpg 800w, https:\/\/seobest.de\/demo260300\/wp-content\/uploads\/2025\/03\/1317010_eb-300x225.jpg 300w, https:\/\/seobest.de\/demo260300\/wp-content\/uploads\/2025\/03\/1317010_eb-768x576.jpg 768w\" sizes=\"auto, (max-width: 800px) 100vw, 800px\" \/><span aria-hidden=\"true\" class=\"wp-block-cover__background has-black-background-color has-background-dim\"><\/span><div class=\"wp-block-cover__inner-container is-layout-flow wp-block-cover-is-layout-flow\">\n<div class=\"wp-block-columns is-layout-flex wp-container-core-columns-is-layout-9d6595d7 wp-block-columns-is-layout-flex\">\n<div class=\"wp-block-column hmn_content is-layout-flow wp-block-column-is-layout-flow\">\n<div class=\"wp-block-columns is-layout-flex wp-container-core-columns-is-layout-9d6595d7 wp-block-columns-is-layout-flex\">\n<div class=\"wp-block-column is-layout-flow wp-block-column-is-layout-flow\" style=\"flex-basis:80%\">\n<h2 class=\"wp-block-heading has-text-align-center o-typing-fast has-x-large-font-size\"><o-anim-typing>Steinhoff Hydraulik in Ober\u00f6sterreich<\/o-anim-typing><\/h2>\n<\/div>\n\n\n\n<div class=\"wp-block-column animated fadeInRight is-layout-flow wp-block-column-is-layout-flow\">\n<div class=\"wp-block-buttons is-content-justification-center is-layout-flex wp-container-core-buttons-is-layout-16018d1d wp-block-buttons-is-layout-flex\">\n<div class=\"wp-block-button hmn_btn\"><a class=\"wp-block-button__link has-white-color has-text-color has-background has-link-color has-medium-font-size has-text-align-center has-custom-font-size wp-element-button\" href=\"https:\/\/seobest.de\/demo260300\/kontakt\/\" style=\"background-color:#1f59ad\">KONTAKT<\/a><\/div>\n<\/div>\n<\/div>\n<\/div>\n<\/div>\n<\/div>\n<\/div><\/div>\n","protected":false},"excerpt":{"rendered":"<p>Hydraulikzylinder von Steinhoff | Ober\u00f6sterreich Normzylinder nach TGL 10906 Serie THZ 20 Serie THZ 250 Einbauma\u00dfe nach DIN 24 434, ISO 3320 und ISO 6022 Sonderzylinder Wir liefern entsprechend Ihren &#8230;<\/p>\n","protected":false},"author":1,"featured_media":11212,"parent":0,"menu_order":0,"comment_status":"closed","ping_status":"closed","template":"","meta":{"_coblocks_attr":"","_coblocks_dimensions":"","_coblocks_responsive_height":"","_coblocks_accordion_ie_support":"","pgc_sgb_lightbox_settings":"","footnotes":""},"class_list":["post-10546","page","type-page","status-publish","has-post-thumbnail","hentry"],"_links":{"self":[{"href":"https:\/\/seobest.de\/demo260300\/wp-json\/wp\/v2\/pages\/10546","targetHints":{"allow":["GET"]}}],"collection":[{"href":"https:\/\/seobest.de\/demo260300\/wp-json\/wp\/v2\/pages"}],"about":[{"href":"https:\/\/seobest.de\/demo260300\/wp-json\/wp\/v2\/types\/page"}],"author":[{"embeddable":true,"href":"https:\/\/seobest.de\/demo260300\/wp-json\/wp\/v2\/users\/1"}],"replies":[{"embeddable":true,"href":"https:\/\/seobest.de\/demo260300\/wp-json\/wp\/v2\/comments?post=10546"}],"version-history":[{"count":43,"href":"https:\/\/seobest.de\/demo260300\/wp-json\/wp\/v2\/pages\/10546\/revisions"}],"predecessor-version":[{"id":11200,"href":"https:\/\/seobest.de\/demo260300\/wp-json\/wp\/v2\/pages\/10546\/revisions\/11200"}],"wp:featuredmedia":[{"embeddable":true,"href":"https:\/\/seobest.de\/demo260300\/wp-json\/wp\/v2\/media\/11212"}],"wp:attachment":[{"href":"https:\/\/seobest.de\/demo260300\/wp-json\/wp\/v2\/media?parent=10546"}],"curies":[{"name":"wp","href":"https:\/\/api.w.org\/{rel}","templated":true}]}}